3, 787
List the prime factors of 8414767.
61, 137947
List the prime factors of 231366.
2, 3, 38561
List the prime factors of 20720193.
3, 13, 531287
List the prime factors of 1450641.
3, 61, 7927
List the prime factors of 287527.
19, 37, 409
What are the prime factors of 25340?
2, 5, 7, 181
List the prime factors of 8661337.
113, 76649
What are the prime factors of 559706?
2, 7, 39979
List the prime factors of 1843427.
23, 80149
List the prime factors of 20515.
5, 11, 373
List the prime factors of 1536780.
2, 3, 5, 7, 3659
List the prime factors of 3968605.
5, 793721
What are the prime factors of 15284012?
2, 3821003
What are the prime factors of 246121?
246121
What are the prime factors of 1348206?
2, 3, 37, 6073
List the prime factors of 747947.
113, 6619
What are the prime factors of 82162?
2, 41081
What are the prime factors of 480774?
2, 3, 7, 11447
What are the prime factors of 8736436?
2, 17, 128477
What are the prime factors of 1025324?
2, 29, 8839
What are the prime factors of 2962424?
2, 367, 1009
List the prime factors of 3099908.
2, 7, 110711
What are the prime factors of 1381526?
2, 131, 5273
List the prime factors of 12338140.
2, 5, 467, 1321
What are the prime factors of 6287270?
2, 5, 11, 61, 937
What are the prime factors of 1951920?
2, 3, 5, 2711
What are the prime factors of 85395?
3, 5, 5693
List the prime factors of 2027867.
73, 27779
What are the prime factors of 12114755?
5, 503, 4817
List the prime factors of 3372258.
2, 3, 562043
What are the prime factors of 1874017?
23, 59, 1381
What are the prime factors of 3294879?
3, 7, 156899
What are the prime factors of 7515597?
3, 59, 42461
List the prime factors of 169115.
5, 149, 227
List the prime factors of 2580432.
2, 3, 53759
List the prime factors of 15100607.
17, 888271
List the prime factors of 217832.
2, 73, 373
What are the prime factors of 6520044?
2, 3, 17, 31, 1031
List the prime factors of 143826.
2, 3, 23971
What are the prime factors of 1003231?
389, 2579
List the prime factors of 115237.
115237
List the prime factors of 15324544.
2, 119723
List the prime factors of 3692.
2, 13, 71
What are the prime factors of 3039372?
2, 3, 7, 1723
List the prime factors of 7808094.
2, 3, 7, 31, 1999
What are the prime factors of 11898428?
2, 2974607
List the prime factors of 3226681.
103, 31327
What are the prime factors of 265880?
2, 5, 17, 23
What are the prime factors of 10324248?
2, 3, 11, 39107
List the prime factors of 118355.
5, 23671
List the prime factors of 10287113.
19, 67, 8081
What are the prime factors of 21452388?
2, 3, 1787699
What are the prime factors of 4644222?
2, 3, 11, 6397
List the prime factors of 1354341.
3, 347, 1301
What are the prime factors of 49879?
31, 1609
List the prime factors of 10368301.
10368301
What are the prime factors of 3007694?
2, 1503847
List the prime factors of 8094759.
3, 2698253
List the prime factors of 381720.
2, 3, 5, 3181
What are the prime factors of 11169374?
2, 17, 328511
List the prime factors of 120060.
2, 3, 5, 23, 29
What are the prime factors of 107344?
2, 6709
What are the prime factors of 105359?
105359
List the prime factors of 3391632.
2, 3, 2617
List the prime factors of 273578.
2, 37, 3697
What are the prime factors of 10648441?
191, 197, 283
List the prime factors of 48430.
2, 5, 29, 167
List the prime factors of 745726.
2, 571, 653
List the prime factors of 18557889.
3, 7, 19, 46511
What are the prime factors of 82002?
2, 3, 79, 173
What are the prime factors of 77537?
17, 4561
What are the prime factors of 247752?
2, 3, 31, 37
What are the prime factors of 602798?
2, 7, 6151
What are the prime factors of 797393?
199, 4007
What are the prime factors of 368969?
67, 5507
What are the prime factors of 5637594?
2, 3, 939599
List the prime factors of 1353218.
2, 19, 149, 239
What are the prime factors of 516313?
7, 41, 257
List the prime factors of 256907.
7, 107
List the prime factors of 2641437.
3, 19, 271
List the prime factors of 66162.
2, 3, 11027
What are the prime factors of 3119781?
3, 7, 19, 1117
List the prime factors of 3015676.
2, 43, 89, 197
List the prime factors of 469660.
2, 5, 23, 1021
List the prime factors of 2174343.
3, 724781
What are the prime factors of 127868?
2, 13, 2459
List the prime factors of 26597142.
2, 3, 11, 13, 10333
What are the prime factors of 1963210?
2, 5, 137, 1433
What are the prime factors of 5407489?
389, 13901
What are the prime factors of 673799?
7, 13751
List the prime factors of 375851.
7, 53693
What are the prime factors of 13517?
7, 1931
List the prime factors of 2920050.
2, 3, 5, 7, 103
List the prime factors of 1122297.
3, 11, 71, 479
List the prime factors of 1448360.
2, 5, 36209
What are the prime factors of 1744339?
31, 56269
What are the prime factors of 21213?
3, 2357
List the prime factors of 126990.
2, 3, 5, 17, 83
List the prime factors of 12314.
2, 47, 131
What are the prime factors of 680319?
3, 37, 227
List the prime factors of 25427919.
3, 11, 103, 7481
List the prime factors of 524270.
2, 5, 103, 509
What are the prime factors of 250388?
2, 62597
What are the prime factors of 643401?
3, 11, 67, 97
What are the prime factors of 2518375?
5, 20147
List the prime factors of 605887.
605887
What are the prime factors of 121130?
2, 5, 12113
List the prime factors of 8226534.
2, 3, 1371089
What are the prime factors of 1089743?
31, 35153
List the prime factors of 3484355.
5, 7, 113, 881
List the prime factors of 3945321.
3, 47, 3109
List the prime factors of 944848.
2, 59053
What are the prime factors of 39740?
2, 5, 1987
What are the prime factors of 1574682?
2, 3, 19, 727
List the prime factors of 4231914.
2, 3, 379, 1861
List the prime factors of 1164096.
2, 3, 43, 47
What are the prime factors of 31337920?
2, 5, 97931
List the prime factors of 18501894.
2, 3, 1027883
List the prime factors of 7764509.
7764509
What are the prime factors of 22286650?
2, 5, 269, 1657
What are the prime factors of 10800492?
2, 3, 479, 1879
List the prime factors of 67904.
2, 1061
List the prime factors of 16533572.
2, 11, 19, 19777
What are the prime factors of 5645543?
1291, 4373
List the prime factors of 366894.
2, 3, 11, 17, 109
List the prime factors of 348381.
3, 11, 17, 23
List the prime factors of 12395.
5, 37, 67
What are the prime factors of 371596?
2, 92899
What are the prime factors of 339225?
3, 5, 4523
List the prime factors of 18237074.
2, 19, 43, 11161
What are the prime factors of 17383250?
2, 5, 31, 2243
What are the prime factors of 6654927?
3, 127, 17467
List the prime factors of 2206648.
2, 101, 2731
What are the prime factors of 3554176?
2, 27767
List the prime factors of 1391789.
7, 198827
List the prime factors of 19574.
2, 9787
List the prime factors of 4533541.
29, 156329
List the prime factors of 278603.
13, 29, 739
What are the prime factors of 1354568?
2, 169321
List the prime factors of 1183581.
3, 7, 18787
What are the prime factors of 701611?
701611
What are the prime factors of 383179?
383179
What are the prime factors of 787038?
2, 3, 7, 2677
List the prime factors of 12478.
2, 17, 367
What are the prime factors of 12976334?
2, 7, 73, 12697
What are the prime factors of 15157983?
3, 281, 17981
What are the prime factors of 1189645?
5, 237929
What are the prime factors of 359086?
2, 7, 13, 1973
What are the prime factors of 594917?
594917
List the prime factors of 139899.
3, 46633
What are the prime factors of 1359437?
41, 71, 467
List the prime factors of 10186696.
2, 13, 41, 2389
List the prime factors of 50900.
2, 5, 509
List the prime factors of 1214143.
7, 29, 5981
List the prime factors of 556056.
2, 3, 7723
What are the prime factors of 62707?
73, 859
List the prime factors of 9818190.
2, 3, 5, 43, 59
What are the prime factors of 10152278?
2, 5076139
What are the prime factors of 11654473?
11654473
What are the prime factors of 734121?
3, 81569
What are the prime factors of 1933666?
2, 7, 59, 2341
List the prime factors of 72959.
72959
What are the prime factors of 56680?
2, 5, 13, 109
What are the prime factors of 2611280?
2, 5, 7, 4663
What are the prime factors of 49305?
3, 5, 19, 173
What are the prime factors of 8871129?
3, 29, 41, 829
List the prime factors of 4989439.
7, 13, 54829
What are the prime factors of 32564322?
2,